*o + 2. Let z(p) = -7*d(p) - 6*l(p). Determine z(f).
5
Let u = 19334 - 19332. Let y(d) be the third derivative of -d**4/8 + d**3/3 - d**2. Give y(u).
-4
Let c(d) = -d**2 + 9*d - 17. Suppose -x - 3 = -2*b, 293*x = 297*x + b - 33. Determine c(x).
-3
Let s be 3024/2520*(-20)/(-6). Let g(m) = -m**2 - 17*m + 71. Determine g(s).
-13
Let x(t) = -t**2 + 9*t + 16. Let g be (5 + -4*2/(-8))*-1. Let w be (-8)/6*-1*(-45)/g. Let i be x(w). Let m(f) = -f**3 + 5*f**2 + 5*f + 6. What is m(i)?
0
Let r(a) be the third derivative of 0*a - 1/24*a**4 + 0 - 1/3*a**3 + 1/30*a**5 - 4*a**2. Suppose 0*w = -3*f - 5*w - 26, 0 = -5*f - 2*w - 18. Determine r(f).
8
Let z(h) be the second derivative of 5*h**3/3 + 44873*h. Suppose 0 = 3*i + 6 + 3. Give z(i).
-30
Let a(v) = 26*v**3 + v**2 - v + 2. Let n(h) = -103*h**3 - 20*h**2 + 18*h - 5. Let w(q) = -4*a(q) - n(q). Determine w(15).
12
Let a(j) = -13*j + 291. Suppose -5*i - 3*g + 113 = 0, 368*i - 2*g = 364*i + 86. Calculate a(i).
5
Let o(c) be the third derivative of c**5/60 - 7*c**4/24 - 5*c**3/6 + 6*c**2 - 1. Let k(q) = 9*q**2 - 1. Let i be k(1). What is o(i)?
3
Let o(c) = 2*c + 20. Suppose 0 = -3*k - 912*n + 917*n - 51, 23 = k + 5*n. Calculate o(k).
6
Suppose -r = 4*x - 2*r - 24, 2*x = 3*r + 2. Suppose x*g + 19 = -2. Let k be 2 + (0/g - -3). Let t(h) = -h**2 + 3*h + 4. Calculate t(k).
-6
Let o = -189 - -185. Let u(g) = -15*g - 60. Calculate u(o).
0
Let k(z) = 2*z - 4. Let y(s) = 2*s**2 - 41*s - 102. Let t be y(24). Suppose t*i - 54*i + 48 = 0. Give k(i).
-12
Let g be (16 + -26)/((-9)/(-3))*-3. Let j(z) = -z**3 + 10*z**2 + 4*z - 25. What is j(g)?
15
Let a(i) = -7*i**3 - 8*i**2 - 9*i - 2. Suppose -4*y + 12 = -7*y. Let w(q) = 19*q**3 + 23*q**2 + 26*q + 7. Let j(u) = y*w(u) - 11*a(u). Determine j(5).
-6
Let l(r) be the first derivative of -2*r**3/3 - r**2/2 - 16*r - 1780. Calculate l(0).
-16
Suppose -11 - 29 = -10*s. Suppose s*z + 0*h + 9 = h, 2*z + 2*h - 8 = 0. Let m be 2 + (2 + -3 - 3) + z. Let a(q) = -q**3 - 2*q**2 - 1. What is a(m)?
8
Let c(v) be the third derivative of v**4/4 - 8*v**3/3 + 2*v**2 - 797. Calculate c(17).
86
Let i(j) be the first derivative of j**4/4 - 3*j**3 + 15*j**2/2 + 12*j - 6926. Determine i(6).
-6
Let p(z) = -44 + 169 - 25 - 44 - 50 + z. Let s be (-1 + -1)*(1 + 2). Let o(m) = -m**2 - 6*m - 4. Let x be o(s). Give p(x).
2
Let t(l) = l**2 + 9*l + 12. Let r be t(-8). Suppose k - 5*y = 3, -r*y + 12 = 4*k - 7*y. Let c be (k + -4)*3 - 2. Let n(p) = p**2 + 3*p - 4. Determine n(c).
6
Let k(v) = v + 1. Let o(f) = 19*f**2 + 2*f + 1. Let p be o(0). Let m(g) = -g**2 + 6*g + 5. Suppose 15 + 9 = -4*c. Let a(l) = c*k(l) + p*m(l). Determine a(0).
-1
Let l be (-1141)/(-4) + 175/(-140). Let d = l - 292. Let n(o) = o**2 + 6*o + 10. Calculate n(d).
26
Suppose 5*b + 312 = 307. Let y(i) be the third derivative of i**5/20 + i**4/12 + i**3/6 - 8*i**2. Determine y(b).
2
Let k(g) be the second derivative of g**5/20 + g**4/3 - 4*g**3/3 + 2*g**2 - 513*g. Let l(s) = -s**3 - 7*s**2 + 3*s + 15. Let i be l(-7). Give k(i).
-20
Let q(m) = m**2 - 5*m - 32. Let s be 830/(-55)*(-1)/(-2) - (-726)/1331. Calculate q(s).
52
Let c be 6 + (-7 - -7) + (-1 - 3). Let b(g) = -37 + g**c + 18 + 4*g + 14 + 10. Determine b(-2).
1
Let a = 8914 + -8914. Suppose -5 = -2*y - 3*y. Let c(s) = s + 3 + 4 - 1 + y. What is c(a)?
7
Let d be (-78)/(-14) + 64/(-112). Let n(r) = -r**3 + r**2 + 15*r + 12. Calculate n(d).
-13
Suppose 0 = -111*p + 9*p + 612. Let z(c) = -c**2 - 3*c - 8. Let b(r) = -2*r**2 - 6 + 4 - 6 - 3*r. Let q(g) = 2*b(g) - 3*z(g). Determine q(p).
-10
Let x(f) be the first derivative of f**7/840 - f**6/90 + f**5/24 - f**4/12 - 46*f**3/3 - 137. Let c(l) be the third derivative of x(l). What is c(4)?
18
Let b(p) = p**2 - 4*p - 62. Let v(u) = -2*u. Let y(d) = b(d) + 2*v(d). Let f(k) be the first derivative of y(k). Calculate f(14).
20
Let y(r) = -r - 4. Let i(z) = z**2 - 14*z + 38. Let a(x) = 28*x - 243. Let d be a(9). Let q be i(d). Give y(q).
3
Let t(z) = 8*z - 14. Let x(b) = 12*b - 21. Let q(h) = 7*t(h) - 5*x(h). Suppose 76*u - 645 = -189. Determine q(u).
-17
Let b(j) be the first derivative of -j**3/3 + j**2 - 5*j + 28. Suppose 2*i = -2*m - 8, -21 = 2*i + 3*i + 4*m. Determine b(i).
-40
Let f(k) be the second derivative of 5*k**3/6 - 165*k**2/2 - 14*k + 25. Give f(34).
5
Suppose -12*m + 8*m = -340. Let g(j) = -85 - m - j + 172 + 0*j. Let d(y) = -y + 2. Let k be d(-6). Give g(k).
-6
Let p be ((-6)/(-5))/(3/15). Let o(x) = x - 33. Let w(b) = -2*b + 37. Let c(m) = 6*o(m) + 5*w(m). Calculate c(p).
-37
Let x(h) = -18*h - 95 + 836*h**2 - 414*h**2 - 2*h - 423*h**2 - 18. Calculate x(-11).
-14
Let t(c) = 170 + 5*c - 173 - 6*c. Let w(g) = -g - 3. Let b(v) = -7*t(v) + 6*w(v). Determine b(3).
6
Let m be 232/12 + 6/9. Let z be 9*5/(75/m). Let w(a) = 6 - 2 + 6*a + 3 - z*a - a**2. Determine w(-6).
7
Let t(v) = -v**2 + 7*v - 6. Let b = -72 + 74. Suppose -b*y = 2*y - 20. Suppose -2*d + 18 + 17 = -5*f, 2*d = -f + y. Determine t(d).
4
Let f(m) = m**3 + 6*m**2 - m - 4. Let t = 13 - 19. Let u be f(t). Let a(s) = -5 - s**2 + s**2 + 7 + 3*s + u*s**2. What is a(-2)?
4
Let g(z) = z**3 - 2*z**2 + 6. Let j = 2095 - 2093. Give g(j).
6
Suppose -4*x + 4*f + 536 = 0, 4*x + 3*f - 713 + 184 = 0. Let a(r) = 44 + 49 + 39 - x + 7*r. Give a(4).
27
Let z(o) be the third derivative of o**5/60 - o**4/8 - 13*o**3/6 - o**2. Suppose -2268 = 302*h - 680*h. Calculate z(h).
5
Let u(i) = -2*i**3 + i + 1. Suppose -b - 3*p = -4, -4*b + 3*p - 20 = -9*b. Suppose 4*g + 11 = b*d - g, 2*d + 17 = -5*g. What is u(d)?
2
Let v = 558 + -545. Let g(t) be the third derivative of 0*t + 1/120*t**6 + v*t**2 + 1/3*t**3 + 0 + 1/24*t**4 + 1/60*t**5. Give g(0).
2
Let k(a) be the second derivative of 1/6*a**3 + 0 - 11*a**2 - 167*a. Give k(0).
-22
Let n = -392 + 399. Let m(k) = 4*k**3 - 10*k**2 - 34*k - 3. Let a(j) = -j**3 + 4*j**2 + 11*j + 1. Let w(p) = n*a(p) + 2*m(p). Let v = -9 + 2. Give w(v).
-13
Let w be 7/14 - (-11)/2. Suppose w*y + 5 = y. Let t(a) = -2*a**3 + 3*a**2 - 112*a + 114*a + 1 - a**2. Calculate t(y).
3
Let x(f) = -2*f + 4*f + 5 - f**2 - 5*f. Let m(s) be the first derivative of s**3/3 + 7*s**2/2 + 5*s + 31. Let o be m(-5). Determine x(o).
-5
Let i(n) = -n**3 - 5*n**2 + 6*n + 6. Suppose -262 = -8*h + 290. Suppose -60 = 64*w - h*w. Suppose 14*k = 16*k + w. Calculate i(k).
6
Let d be 0*(0 - -1) + 5. Suppose 0 = -d*b - b - 30. Let y(w) be the first derivative of w**3/3 + w**2 - 5*w - 34. Give y(b).
10
Let y(m) be the first derivative of -12*m**2 - 3*m + 466. Determine y(1).
-27
Let l(u) = u**3 - 36*u**2 + 60*u + 276. Let d be l(34). Let i(r) be the second derivative of 0 - r**3 + 1/12*r**d - 38*r - 1/2*r**2. What is i(5)?
-6
Let h(n) = -12*n - 10. Let i(s) = 17*s + 14. Let q = 874 + -869. Let r(j) = q*i(j) + 7*h(j). Give r(-8).
-8
Let q = 17015 - 16996. Let i(d) = -47*d + 899. What is i(q)?
6
Let u(a) = a + 9. Let f be u(-3). Let p(s) = -3*s**2 + 1049 - 521 + 18*s - 525 + 0*s**2. Calculate p(f).
3
Suppose 0*c = c - 20. Let y be -2*1 - c/(-4). Suppose k - 5*k + h - 22 = 0, h + 20 = -y*k. Let x(m) = 2*m + 7. Give x(k).
-5
Suppose -4*h = -0*b - 4*b + 160, -2*b = 4*h - 80. Suppose 3*j - 22 = 5*r - 6, 5*r + b = -5*j. Let d(x) = -x + 3. Determine d(j).
6
Let p(x) = -2*x - 2. Let g be 2/(-6) + (1 - 260/(-15)). Suppose -5*h = -w - 14, 8*h + g = 13*h - 2*w. What is p(h)?
-6
Let m = -170 + 192. Let l(s) = -7 - m*s + 7 + 31*s. Give l(-1).
-9
Let c(z) be the second derivative of z**5/20 + 13*z**4/6 + 26*z**3/3 + 95*z**2/2 - 79*z - 17. Determine c(-24).
-1
Let m(k) = -k + 15. Let c be m(12). Suppose 4*a - a + 3 = -3*v, 0 = -2*a - 2. Let d(s) = v - 3*s - 2 - c*s + 5*s + 2*s**2. Determine d(2).
4
Suppose 4*j - 2 = -2*q, 2*q - 35*j = -36*j + 8. Let w(s) = 2*s**3 - 9*s**2 - 5*s - 6. Calculate w(q).
-6
Let f = 1278 + -1288. Let x(r) = -2*r**3 - 20*r**2 - r - 7. What is x(f)?
3
Suppose 4*s = -u - 21 - 8, 0 = -3*s - 3*u - 33. Let h(z) be the first derivative of z**3/3 + 4*z**2 - 5*z + 1482. Determine h(s).
-17
Let v(z) = -z**2 + z - 10. Suppose 5*n + 10 = -5*w, 2*w + 3*n = -328 + 322. Calculate v(w).
-10
Let f = 689 - 512. Let n = f - 191. Let o(h) = -2*h**3 - 29*h**2 - 15*h - 12. What is o(n)?
2
Let s(p) be the first derivative of -p**4/4 - 2*p**3 + 4*p - 2. Let l be ((-9)/4)/((-546)/(-48) - 11). Determine s(l).
4
Let a be